14. Suppose j*g - 4 = 4*g. What is the remainder when 5 is divided by g?
1
Let p = 42 + -46. What is the remainder when 13 is divided by (0 - -6)/(p - (4 - 10))?
1
Suppose -d = -r + 24, 2*r + 150*d - 151*d = 50. Calculate the remainder when 76 is divided by r.
24
Suppose -b = -3*w - 55, 5*b - 3*w - 193 - 46 = 0. Calculate the remainder when b is divided by 12.
10
Suppose 81*d - 83*d + 1064 = 4*w, 2*w - 540 = d. What is the remainder when w is divided by 138?
130
Let k(j) = j**2 - 33*j + 162. Calculate the remainder when k(36) is divided by 68.
66
Let b = 22 - 21. Let i be (b + 0)/((-4)/(-136)). Let a = i - 17. Calculate the remainder when a is divided by 9.
8
Let b(z) = -76*z - 43. Calculate the remainder when 1525 is divided by b(-2).
108
Let n(v) = -v**2 + 25*v + 9. What is the remainder when n(12) is divided by 34?
29
Let x = -59 - -37. Suppose -3*f = -2*f - 53. Let a = x + f. Calculate the remainder when a is divided by 4.
3
Let y(r) = r**3 + 9*r**2 + r - 4. Calculate the remainder when 142 is divided by y(-4).
70
Let r = 2650 + -2300. What is the remainder when r is divided by 174?
2
Let g(s) = -2*s**2 - 3*s + 5. Let d(z) = 3*z**2 + 7*z - 11. Let x(o) = -4*d(o) - 9*g(o). What is the remainder when x(2) is divided by 2/(-5) - 114/(-10)?
10
Let t = -6 - -11. Suppose 42 = -t*p + 207. Suppose 0 = 3*r + l - 56, 0 = r + 3*r - l - 70. Calculate the remainder when p is divided by r.
15
Suppose n = 5 - 4. Suppose 0*d = d - n. Suppose 0 = -211*o + 214*o - 18. Calculate the remainder when o is divided by d.
0
Suppose -5*f + 52 = 21*f. Suppose -3*y = 5*w - 30, -y + w = -0*y - f. Calculate the remainder when (-108)/(-14) - 2/(-7) is divided by y.
3
Let l(j) = -8*j**2 - j + 16. What is the remainder when 104 is divided by l(0)?
8
Let h(l) = -3*l**2 + 80*l + 53. Calculate the remainder when h(19) is divided by 124.
118
Let a(z) = -z - 3. Let w = -29 - -15. Let t = -20 - w. What is the remainder when 6 is divided by a(t)?
0
Let f = 18 + -8. Suppose 56*a - 714 = 14*a. What is the remainder when a is divided by f?
7
Let j(r) = 32*r. Let t be j(2). Suppose -3*b - 2*k + 3*k = -48, t = 4*b - k. Calculate the remainder when 62 is divided by b.
14
Suppose 34 - 34 = -4*i. Suppose 0 = -8*f - i + 88. Calculate the remainder when 32 is divided by f.
10
Suppose -55 = -5*w - 5. Calculate the remainder when 98 is divided by w.
8
Let l = -1 + 67. Suppose -13*d = -9*d - 56. What is the remainder when l is divided by d?
10
Let u(w) = 2*w**2 + 8*w - 4. Suppose -4*s - 5*o - 5 = -1, -5*s = 3*o + 18. Let h be u(s). Let x = -11 + h. Calculate the remainder when x is divided by 4.
1
Suppose -c = -4*q - 29, -32*q - 157 = -3*c - 34*q. Let i = -64 + 27. Let o = 63 + i. Calculate the remainder when c is divided by o.
23
Suppose -2*x - 26 = -3*x + n, 4*n = 0. Let m(g) = -2*g**3 - 6*g**2 + g + 7. Let t = 0 + -5. Calculate the remainder when m(t) is divided by x.
24
Suppose -5*j + 75 = 3*u - j, -u + 18 = -j. What is the remainder when 47 is divided by u?
5
Let l = -98 + 145. Let p(q) = 114*q - 549. Calculate the remainder when l is divided by p(5).
5
Let i(n) = 0*n**3 - 11 + n**3 + 9*n + 4 - 2 + 12*n**2. Let g be i(-11). Suppose 0 = -f + g. What is the remainder when f is divided by 4?
1
Let a = -477 - -593. Calculate the remainder when a is divided by 15.
11
Suppose -4*r = -4*j + 88, 4*r - 94 = 14*j - 17*j. What is the remainder when 43 is divided by j?
17
Suppose 3*c - 5*t - 19 = 0, -2*c + c = 5*t - 13. Suppose -40 = -12*w + c. Calculate the remainder when w is divided by 3.
1
Let q = 7 - 1. Suppose 0 = -p + q + 7. Let i = p - 3. What is the remainder when i is divided by 3?
1
Calculate the remainder when 286 is divided by (-5)/25 + (-905)/(-25).
34
Calculate the remainder when 104 is divided by 336/(-224)*(1/(-1) - 11).
14
Suppose p + 20 = 4*k - p, 5*p - 22 = -2*k. Suppose -7*s + 66 = -k*s. Suppose -2*h = -5*h + s. What is the remainder when h is divided by 12?
10
Suppose 0 = 5*k - 4*c - 21, 3*c = -k - k + 13. Calculate the remainder when 31 is divided by 1*(-3)/k*(-280)/8.
10
Let p(u) = 512*u + 40. Calculate the remainder when p(1) is divided by 79.
78
Suppose -31*f = -35*f + 172. Let a = 56 - f. What is the remainder when 36 is divided by a?
10
Suppose 4*z = 15 + 41. Calculate the remainder when 76 is divided by z.
6
Let k be (-7)/6 + (-9)/(-54). Calculate the remainder when 25 + 7/k + 3 is divided by 6.
3
Let u = -4 - -4. Let j be 2 - 27/(3 - u). Let h(b) = -b**3 - 7*b**2 - 8*b - 10. Calculate the remainder when h(j) is divided by 16.
14
Let m(u) = -3*u**3 + 3*u**2 + 3*u + 3. Let p be m(-2). Let c = p - 10. Calculate the remainder when 85 is divided by c.
16
Let h = 13 + -12. Let t = h - 1. Suppose t = l - 14 + 9. What is the remainder when l is divided by 4?
1
Suppose -2*a - 39 = -3*a. Let m = -50 + 26. Let t = m - -34. What is the remainder when a is divided by t?
9
Let n(v) = -19*v - 122. Calculate the remainder when 404 is divided by n(-10).
64
What is the remainder when (-22 - -19)/((-3)/(-2)) - -15 is divided by 11?
2
Let q be 60/(-27) + 2 - 2296/36. Let x = q + 113. What is the remainder when x is divided by 27?
22
Suppose -2*m + 846 = m. Let p be ((-2)/(-6))/(1/m). Suppose 28 = 2*t - 2*x - 2*x, p = 5*t + 2*x. What is the remainder when t is divided by 10?
8
Suppose 5*x - 85 = -0*x. Suppose 3*d + 57 = 3*q - 18, -122 = 5*d - 2*q. Let j = x - d. What is the remainder when j is divided by 21?
20
Suppose 6*c - 16 = 2*c. Let v(w) = w**3 + 14*w**2 + 15*w + 33. Calculate the remainder when v(-13) is divided by c.
3
Let t = -988 + 1001. What is the remainder when 2519 is divided by t?
10
Let u = 19 + -6. Suppose 2*r + 9*d = 6*d - 5, -3*r + 5*d = -21. What is the remainder when 82/r + (-3 - 1) is divided by u?
11
Suppose 59*t - 3*w - 262 = 58*t, -6 = 3*w. Calculate the remainder when t is divided by 65.
61
Let z(w) = -9*w**3 + 2*w**2 + 2*w + 1. Let m be z(-1). Calculate the remainder when -4*(-20)/(-8)*m/(-4) is divided by 14.
11
What is the remainder when 200 is divided by 1040/15 + 7/(-21)?
62
Suppose 3*w + 4*i - 35 = 0, 15 = 2*w - w + 3*i. Suppose -5*n = b - 28, -2*b + 19 = -4*n - w. What is the remainder when 49 is divided by b?
13
Let b = 300 - 65. Calculate the remainder when b is divided by 60.
55
Let z(y) = y**3 + 38*y**2 + 27*y - 310. What is the remainder when 177 is divided by z(-37)?
57
Let p = 333 + -237. What is the remainder when p is divided by 46?
4
Let k(g) = g**2 + 5*g + 2. Let h be k(-4). Calculate the remainder when h + 98/5 - 8/(-20) is divided by 5.
3
Let c = 397 + -238. What is the remainder when c is divided by 41?
36
Let i be 16/120 + 2604/45. Suppose 0*a + 56 = 3*a + 4*d, -2*d = 4*a - i. What is the remainder when 35 is divided by a?
11
Let h be 115 + 5 - (4 - 3). Suppose -8*p - 7 + h = 0. What is the remainder when 83 is divided by p?
13
Let w be (-20)/(-90) + 25/9. Let u(j) = 2*j**2 - 4*j + 1. Calculate the remainder when 31 is divided by u(w).
3
Suppose 43*q + 357 = 46*q. What is the remainder when q is divided by 62?
57
Let o = -554 + 567. What is the remainder when 193 is divided by o?
11
Let a(o) = -o - 4. Suppose -4*r - 2*n = -22, r + 0 = 4*n + 1. Let f be a(r). Let c(z) = -5*z + 2. What is the remainder when c(f) is divided by 12?
11
Let u(r) = 7*r + 4. Let i be u(5). Let d = i + -17. Calculate the remainder when 37 is divided by d.
15
Suppose 7*j - 672 = -5*j. What is the remainder when j is divided by 21?
14
Suppose -10*x - 1 = -111. Calculate the remainder when 65 is divided by x.
10
Suppose -3*v + 6*k - 2*k = -815, 2*v = 3*k + 542. Calculate the remainder when v is divided by 28.
25
Let y(a) = -7*a**2 - 39*a - 7. Suppose 61 = t + b, -3*t + b = -2*t - 59. What is the remainder when t is divided by y(-5)?
8
Suppose -161*b - 21 = -163*b + s, -4*b - 2*s + 62 = 0. Let q(w) = 5*w**2 + 2*w - 2. What is the remainder when q(3) is divided by b?
10
Suppose 0 = -17*g + 12*g + 210. Calculate the remainder when 293 is divided by g.
41
Suppose 2*d + 14 = 10. Let a = 18 - d. What is the remainder when a is divided by 5?
0
Suppose 406 = 4*h + 130. Let y = 125 - h. What is the remainder when y is divided by (54/15)/(9/30)?
8
Suppose 0 = -6*d + 2307 - 447. Calculate the remainder when d is divided by 15.
10
Let c = -29 + 33. Calculate the remainder when 